{"id":75,"date":"2022-02-17T20:35:36","date_gmt":"2022-02-17T19:35:36","guid":{"rendered":"https:\/\/www.schuleimerlich.de\/blog\/?page_id=75"},"modified":"2024-06-04T15:47:40","modified_gmt":"2024-06-04T13:47:40","slug":"foerderverein","status":"publish","type":"page","link":"https:\/\/www.schuleimerlich.de\/?page_id=75","title":{"rendered":"F\u00f6rderverein"},"content":{"rendered":"\n<figure class=\"wp-block-table\"><table><tbody><tr><td><strong>F\u00f6rderkreis Schule im Erlich, Speyer e. V.<\/strong><\/td><\/tr><\/tbody><\/table><figcaption class=\"wp-element-caption\"> <\/figcaption><\/figure>\n\n\n\n<p>Wir sind ein gemeinn\u00fctziger anerkannter Verein, bestehend aus Eltern, Leher:innen, Sch\u00fcler:innen und Firmen, der es sich zur Aufgabe gemacht hat, die Sch\u00fclerinnen und Sch\u00fcler der Schule im Erlich finanziell und materiell bei vielen Projekten  und Anschaffungen zu unterst\u00fctzen, insbesondere bei der Berufsvorbereitung. <\/p>\n\n\n\n<p>Wir engagnieren uns gerne f\u00fcr ein gutes Miteinander und haben Freude am gemeinsamen Planen und Gestalten. <\/p>\n\n\n\n<p><strong><mark style=\"background-color:rgba(0, 0, 0, 0)\" class=\"has-inline-color has-luminous-vivid-amber-color\">Sie m\u00f6chten spenden?<\/mark><\/strong><\/p>\n\n\n\n<p>Die Sch\u00fclerinnen und Sch\u00fcler und das Team der Erlichschule freuen sich \u00fcber jede Spende!<\/p>\n\n\n\n<p>Nutzen Sie daf\u00fcr unsere Bankverbindung. Zweckgebundene Spenden kennzeichnen Sie bitte in der \u00dcberweisung. Bei Spenden bis 300 \u20ac gilt Ihr Kontoauszug als Spendenquittung, f\u00fcr h\u00f6here Spenden senden wir Ihnen auf Anfrage per E-Mail gerne eine Spendenquittung zu.<\/p>\n\n\n\n<p><strong><mark style=\"background-color:rgba(0, 0, 0, 0)\" class=\"has-inline-color has-luminous-vivid-amber-color\">Wir bedanken uns herzlich!<\/mark><\/strong><\/p>\n\n\n\n<p>IBAN DE08 5455 0010 0000 7061 19<br>BIC LUHSDE6AXX<\/p>\n\n\n\n<p>Sparkasse Vorderpfalz<br>Empf\u00e4nger: F\u00f6rderkreis Schule im Erlich, Speyer e.V.<\/p>\n\n\n\n<p><strong><mark style=\"background-color:rgba(0, 0, 0, 0)\" class=\"has-inline-color has-luminous-vivid-amber-color\">Sie m\u00f6chten F\u00f6rdermitglied werden? <\/mark><\/strong><\/p>\n\n\n\n<p>Dann nehmen Sie Kontakt zu uns auf oder senden den Aufnameantrag per Post.                          Download Aufnahmeantrag                                                                                                               Download Satzung<\/p>\n\n\n\n<p><strong><mark style=\"background-color:rgba(0, 0, 0, 0)\" class=\"has-inline-color has-luminous-vivid-amber-color\">Kontakt zum Verein: <\/mark><\/strong><\/p>\n\n\n\n<p><strong>foerderverein@schuleimerlich.de <\/strong>      <\/p>\n\n\n\n<p>1. Vorsitzende(r):     Christina von Pabrutzki<\/p>\n\n\n\n<p>2. Vorsitzende(r):     Eva-Maria Helfer<\/p>\n\n\n\n<p><strong>Schule im Erlich      <\/strong>                                                                                                                                        Im Erlich 67a                                                                                                                                                      67346 Speyer                                                                                                                                                      Telefon: 06232 141760<\/p>\n\n\n\n<p><\/p>\n\n\n\n<p><\/p>\n\n\n\n<p>Schulkalender <a href=\"https:\/\/calendar.google.com\/calendar\/u\/0\/embed?src=schuleimerlich.de_4sevo8gnhlmbqvftu487qvv3j0@group.calendar.google.com&amp;ctz=Europe\/Berlin\">https:\/\/calendar.google.com\/calendar\/u\/0\/embed?src=schuleimerlich.de_4sevo8gnhlmbqvftu487qvv3j0@group.calendar.google.com&amp;ctz=Europe\/Berlin<\/a><\/p>\n\n\n\n<p><div class=\"template\" data-mobile-view=\"true\"><div class=\"Preview_row__3Fkye row Preview_noSideMargin__2I-_n\"><div data-id=\"64F1651C-D96F-49D8-991D-7C5EBC60C944\" data-kind=\"SECTION\" class=\"Preview_componentWrapper__2i4QI\"><div id=\"Section1\" data-in-template=\"false\" data-id=\"64F1651C-D96F-49D8-991D-7C5EBC60C944\" data-kind=\"Block\" data-specific-kind=\"SECTION\" data-pin=\"0\" data-stretch=\"true\" data-bbox=\"{&quot;top&quot;:359,&quot;left&quot;:0,&quot;right&quot;:5000,&quot;bottom&quot;:2742}\" class=\"Preview_block__16Zmu\"><div class=\"StripPreview_backgroundComponent__3YmQM Background_backgroundComponent__3_1Ea hasChildren\" data-width=\"100\" data-height=\"2383\"><div class=\"Preview_column__1KeVx col\"><div class=\"Preview_row__3Fkye row\"><div class=\"Preview_column__1KeVx col\"><div class=\"Preview_row__3Fkye row\"><div data-id=\"24E8A9FE-B0D3-4651-8856-74838FF347C3\" data-kind=\"BACKGROUND\" class=\"Preview_componentWrapper__2i4QI\"><div data-in-template=\"false\" data-id=\"24E8A9FE-B0D3-4651-8856-74838FF347C3\" data-kind=\"Block\" data-specific-kind=\"BACKGROUND\" class=\"Preview_block__16Zmu\"><div class=\"BackgroundPreview_backgroundComponent__3Dr5e BackgroundPreview_bgHeight__3dD2e hasChildren\" data-width=\"399\" data-height=\"652\"><div class=\"Preview_column__1KeVx col\"><div class=\"Preview_row__3Fkye row\"><div data-id=\"B50B3CDD-13F7-4FCF-8AB9-BC2A529467A2\" data-kind=\"TEXT\" class=\"Preview_componentWrapper__2i4QI\"><div data-in-template=\"false\" data-id=\"B50B3CDD-13F7-4FCF-8AB9-BC2A529467A2\" data-kind=\"Component\" data-specific-kind=\"TEXT\" class=\"Preview_component__SbiKo text-align-null\"><div data-mve-font-change=\"0\" class=\"styles_contentContainer__lrPIa textnormal styles_text__3jGMu\"><\/div><\/div><\/div><\/div><\/div><\/div><\/div><\/div><\/div><\/div><\/div><\/div><\/div><\/div><\/div><\/div><\/div> <span style=\"color: #7b7476;\">\u00a0<\/span><\/p>\n\n\n\n<div style=\"height:100px\" aria-hidden=\"true\" class=\"wp-block-spacer\"><\/div>\n\n\n\n<p><\/p>\n\n\n\n<p><\/p>\n","protected":false},"excerpt":{"rendered":"<p>F\u00f6rderkreis Schule im Erlich, Speyer e. V. Wir sind ein gemeinn\u00fctziger anerkannter Verein, bestehend aus Eltern, Leher:innen, Sch\u00fcler:innen und Firmen, der es sich zur Aufgabe gemacht hat, die Sch\u00fclerinnen und Sch\u00fcler der Schule im Erlich finanziell und materiell bei vielen Projekten und Anschaffungen zu unterst\u00fctzen, insbesondere bei der Berufsvorbereitung. Wir engagnieren uns gerne f\u00fcr ein&#8230;<\/p>\n","protected":false},"author":1,"featured_media":0,"parent":0,"menu_order":0,"comment_status":"closed","ping_status":"closed","template":"elementor_theme","meta":{"footnotes":""},"class_list":["post-75","page","type-page","status-publish","hentry"],"jetpack_sharing_enabled":true,"_links":{"self":[{"href":"https:\/\/www.schuleimerlich.de\/index.php?rest_route=\/wp\/v2\/pages\/75","targetHints":{"allow":["GET"]}}],"collection":[{"href":"https:\/\/www.schuleimerlich.de\/index.php?rest_route=\/wp\/v2\/pages"}],"about":[{"href":"https:\/\/www.schuleimerlich.de\/index.php?rest_route=\/wp\/v2\/types\/page"}],"author":[{"embeddable":true,"href":"https:\/\/www.schuleimerlich.de\/index.php?rest_route=\/wp\/v2\/users\/1"}],"replies":[{"embeddable":true,"href":"https:\/\/www.schuleimerlich.de\/index.php?rest_route=%2Fwp%2Fv2%2Fcomments&post=75"}],"version-history":[{"count":13,"href":"https:\/\/www.schuleimerlich.de\/index.php?rest_route=\/wp\/v2\/pages\/75\/revisions"}],"predecessor-version":[{"id":12815,"href":"https:\/\/www.schuleimerlich.de\/index.php?rest_route=\/wp\/v2\/pages\/75\/revisions\/12815"}],"wp:attachment":[{"href":"https:\/\/www.schuleimerlich.de\/index.php?rest_route=%2Fwp%2Fv2%2Fmedia&parent=75"}],"curies":[{"name":"wp","href":"https:\/\/api.w.org\/{rel}","templated":true}]}}

Förderverein

<figure class="wp-block-table"><table><tbody><tr><td><strong>Förderkreis Schule im Erlich, Speyer e. V.</strong></td></tr></tbody></table><figcaption class="wp-element-caption"> </figcaption></figure>



<p>Wir sind ein gemeinnütziger anerkannter Verein, bestehend aus Eltern, Leher:innen, Schüler:innen und Firmen, der es sich zur Aufgabe gemacht hat, die Schülerinnen und Schüler der Schule im Erlich finanziell und materiell bei vielen Projekten  und Anschaffungen zu unterstützen, insbesondere bei der Berufsvorbereitung. </p>



<p>Wir engagnieren uns gerne für ein gutes Miteinander und haben Freude am gemeinsamen Planen und Gestalten. </p>



<p><strong><mark style="background-color:rgba(0, 0, 0, 0)" class="has-inline-color has-luminous-vivid-amber-color">Sie möchten spenden?</mark></strong></p>



<p>Die Schülerinnen und Schüler und das Team der Erlichschule freuen sich über jede Spende!</p>



<p>Nutzen Sie dafür unsere Bankverbindung. Zweckgebundene Spenden kennzeichnen Sie bitte in der Überweisung. Bei Spenden bis 300 € gilt Ihr Kontoauszug als Spendenquittung, für höhere Spenden senden wir Ihnen auf Anfrage per E-Mail gerne eine Spendenquittung zu.</p>



<p><strong><mark style="background-color:rgba(0, 0, 0, 0)" class="has-inline-color has-luminous-vivid-amber-color">Wir bedanken uns herzlich!</mark></strong></p>



<p>IBAN DE08 5455 0010 0000 7061 19<br>BIC LUHSDE6AXX</p>



<p>Sparkasse Vorderpfalz<br>Empfänger: Förderkreis Schule im Erlich, Speyer e.V.</p>



<p><strong><mark style="background-color:rgba(0, 0, 0, 0)" class="has-inline-color has-luminous-vivid-amber-color">Sie möchten Fördermitglied werden? </mark></strong></p>



<p>Dann nehmen Sie Kontakt zu uns auf oder senden den Aufnameantrag per Post.                          Download Aufnahmeantrag                                                                                                               Download Satzung</p>



<p><strong><mark style="background-color:rgba(0, 0, 0, 0)" class="has-inline-color has-luminous-vivid-amber-color">Kontakt zum Verein: </mark></strong></p>



<p><strong>foerderverein@schuleimerlich.de </strong>      </p>



<p>1. Vorsitzende(r):     Christina von Pabrutzki</p>



<p>2. Vorsitzende(r):     Eva-Maria Helfer</p>



<p><strong>Schule im Erlich      </strong>                                                                                                                                        Im Erlich 67a                                                                                                                                                      67346 Speyer                                                                                                                                                      Telefon: 06232 141760</p>



<p></p>



<p></p>



<p>Schulkalender <a href="https://calendar.google.com/calendar/u/0/embed?src=schuleimerlich.de_4sevo8gnhlmbqvftu487qvv3j0@group.calendar.google.com&amp;ctz=Europe/Berlin">https://calendar.google.com/calendar/u/0/embed?src=schuleimerlich.de_4sevo8gnhlmbqvftu487qvv3j0@group.calendar.google.com&amp;ctz=Europe/Berlin</a></p>



<p><div class="template" data-mobile-view="true"><div class="Preview_row__3Fkye row Preview_noSideMargin__2I-_n"><div data-id="64F1651C-D96F-49D8-991D-7C5EBC60C944" data-kind="SECTION" class="Preview_componentWrapper__2i4QI"><div id="Section1" data-in-template="false" data-id="64F1651C-D96F-49D8-991D-7C5EBC60C944" data-kind="Block" data-specific-kind="SECTION" data-pin="0" data-stretch="true" data-bbox="{&quot;top&quot;:359,&quot;left&quot;:0,&quot;right&quot;:5000,&quot;bottom&quot;:2742}" class="Preview_block__16Zmu"><div class="StripPreview_backgroundComponent__3YmQM Background_backgroundComponent__3_1Ea hasChildren" data-width="100" data-height="2383"><div class="Preview_column__1KeVx col"><div class="Preview_row__3Fkye row"><div class="Preview_column__1KeVx col"><div class="Preview_row__3Fkye row"><div data-id="24E8A9FE-B0D3-4651-8856-74838FF347C3" data-kind="BACKGROUND" class="Preview_componentWrapper__2i4QI"><div data-in-template="false" data-id="24E8A9FE-B0D3-4651-8856-74838FF347C3" data-kind="Block" data-specific-kind="BACKGROUND" class="Preview_block__16Zmu"><div class="BackgroundPreview_backgroundComponent__3Dr5e BackgroundPreview_bgHeight__3dD2e hasChildren" data-width="399" data-height="652"><div class="Preview_column__1KeVx col"><div class="Preview_row__3Fkye row"><div data-id="B50B3CDD-13F7-4FCF-8AB9-BC2A529467A2" data-kind="TEXT" class="Preview_componentWrapper__2i4QI"><div data-in-template="false" data-id="B50B3CDD-13F7-4FCF-8AB9-BC2A529467A2" data-kind="Component" data-specific-kind="TEXT" class="Preview_component__SbiKo text-align-null"><div data-mve-font-change="0" class="styles_contentContainer__lrPIa textnormal styles_text__3jGMu"></div></div></div></div></div></div></div></div></div></div></div></div></div></div></div></div></div> <span style="color: #7b7476;"> </span></p>



<div style="height:100px" aria-hidden="true" class="wp-block-spacer"></div>



<p></p>



<p></p>

<p>Förderkreis Schule im Erlich, Speyer e. V. Wir sind ein gemeinnütziger anerkannter Verein, bestehend aus Eltern, Leher:innen, Schüler:innen und Firmen, der es sich zur Aufgabe gemacht hat, die Schülerinnen und Schüler der Schule im Erlich finanziell und materiell bei vielen Projekten und Anschaffungen zu unterstützen, insbesondere bei der Berufsvorbereitung. Wir engagnieren uns gerne für ein&#8230;</p>
